 the value of -5 - -12 - 1 - 5?
1
Calculate 50 + -45 + 0 + -9.
-4
What is 8 + -6 + 5 + -2?
5
What is the value of (0 - 1) + 8 - 6?
1
Evaluate -3 + (2 - -3) + -11 + 4.
-5
3 - (11 - 9 - 4)
5
Calculate -3 - ((4 - 0) + 0 + -3).
-4
(1 - -1) + -3 + -2
-3
What is (4 - 8) + 9 - 6?
-1
Calculate 5 - (4 + 13 + -13 + 6).
-5
Evaluate (-3 - (0 + -2)) + 3 - 5.
-3
-7 + (4 + -3 - 3 - -6)
-3
What is the value of 0 - (-1 - -4) - -2 - 4?
-5
What is (-4 - (3 - 8)) + -4?
-3
What is the value of (-1 - (1 - (2 + -3))) + 1?
-2
Calculate 1 + (4 - (0 - (3 - 5))).
3
What is 1 - (-1 + 5 - (0 + 3))?
0
-2 + 6 + -14 + 4 + 4
-2
Evaluate -1 + 4 - (6 + -5).
2
3 + 4 + -7 + -3 + 9
6
Calculate 6 + -7 + 6 + (3 - 3).
5
Calculate 6 - 0 - (-28 + 32).
2
What is (2 - -5 - 5 - -1) + 0?
3
-13 + (-7 - (-5 + -10))
-5
What is (26 - 33) + 0 + 0 - -5?
-2
-5 - (-18 - -8) - (-2 + 1)
6
Calculate -2 + ((6 - 4) + 0 - 0).
0
What is -3 + (-6 - 2 - -6)?
-5
What is (-4 - -4) + (14 - 24) - -3?
-7
11 + -5 - (4 + 1)
1
-4 - -3 - 3 - 1
-5
What is the value of 93 + -90 + 9 + (-2 - -1)?
11
What is the value of (-13 - -15) + (3 - (-1 + 2))?
4
What is -2 + 3 - (10 + -8)?
-1
What is the value of -2 + -9 - -20 - 9?
0
Calculate 5 + (-10 - -11) + -9.
-3
Evaluate (-5 - (10 - 6)) + 7.
-2
Calculate (11 - 19) + 0 + 3.
-5
Calculate -32 + 39 - (4 + 1).
2
What is (3 - -1) + 1 + 0 + -3?
2
What is the value of 2 + -12 + 18 + -1?
7
Evaluate 2 + (5 - 5 - 2).
0
What is the value of -2 + 0 + 0 + 2 + -5?
-5
Calculate (-2 - 1) + (-4 - -2).
-5
What is the value of (-51 - -50) + (2 - (9 - 1))?
-7
Calculate (-3 + (-3 - -8) - 4) + 3.
1
What is -2 + 3 + -2 + (1 - -4)?
4
4 - (1 + 2 + (2 - 1))
0
Evaluate (1 + -4 - (-4 + 0)) + 3.
4
-1 + 2 + (-2 - -5)
4
8 + -1 + 27 + -30
4
Evaluate 7 + -7 - (-3 - 0 - -4).
-1
Calculate -2 + 5 + -1 - (2 - 2).
2
What is (-158 - -152) + (-1 - (3 + -2))?
-8
What is the value of -25 - -19 - (-5 + 3)?
-4
Evaluate 7 - (8 - 0 - 2).
1
What is the value of 0 - 2 - (-21 - -11 - -11)?
-3
What is -8 + (-4 - -8) - -3?
-1
What is 2 - (1 - 11 - -21)?
-9
0 + 2 + (5 - 3)
4
What is the value of 4 + (14 - 7 - 6) - 11?
-6
Calculate 0 + (0 - 0) + -2 - 2.
-4
What is (6 - 9) + 8 - 5?
0
1 + -1 + (16 - -2 - 22)
-4
What is the value of (-1 - -1) + 2 + (7 - 13)?
-4
What is 2 - -1 - (2 - -3)?
-2
What is -6 + 3 + (1 - -2)?
0
What is (0 - -1) + (-1 - 0) + -4?
-4
5 - 1 - (-11 - -11)
4
Calculate 7 - (18 + (-8 - 3)).
0
What is 5 + (-9 - (3 + 4) - -7)?
-4
What is -1 + (-1 - 7 - -9)?
0
What is the value of -8 - (3 + -2) - -5?
-4
What is the value of 0 + 6 + 2 + -5 - 11?
-8
What is -5 + 2 - (2 + 0)?
-5
Calculate 10 + -14 + -5 + 7.
-2
Evaluate 4 - (5 + -1 + -6).
6
Evaluate -1 + -6 + 13 + 3 + -12.
-3
-3 + (17 + -15 - (-1 + 1))
-1
Calculate 2 - (-2 + 2 + 0 - -7).
-5
What is the value of -5 - (2 + (-18 - -6 - -1))?
4
Calculate -9 + 4 + 5 - -1.
1
What is (-1 - (-5 + (-3 - -12))) + 0?
-5
What is the value of 16 - 3 - 11 - 5?
-3
2 - -3 - (-7 + 6)
6
What is 1 + (1 - (4 - -1)) + -2?
-5
Evaluate 4 - (3 - 2) - (-6 - 1).
10
Calculate (4 - 3) + 1 + 56 + -52.
6
Evaluate 0 + 13 + 4 + -12 - 13.
-8
7 - 2 - (23 - 14)
-4
Evaluate (-3 - (1 - 4)) + -4.
-4
What is 9 - (4 - -1) - 10?
-6
Calculate -9 + -1 + (30 - 22).
-2
Calculate (6 - -9) + -2 - 15.
-2
What is 11 + -6 + 0 + -3?
2
What is -4 + (10 - 13 - -2)?
-5
What is 1 + 0 - (-3 + -5 - -6)?
3
(2 - 4 - -2) + 2
2
(79 - 81) + (2 - 6)
-6
Calculate (-4 - (9 - 10)) + -5.
-8
What is the value of 3 + (-2 - (3 + -1 + 0))?
-1
(-4 - 3 - -3) + 10
6
8 - 0 - (87 - 85)
6
Evaluate 2 + -2 - (0 - (-3 - -1)).
-2
What is the value of 7 + -8 + (14 - (-1 + 7))?
7
What is the value of 3 + 1 + 5 + -10 + 4?
3
What is 1 - (7 - 3) - -1?
-2
Evaluate 2 - 0 - (0 - 2).
4
Calculate -12 + 9 + -2 + 0 + 9.
4
What is 1 - 3 - (-57 + 48)?
7
What is the value of -1 - ((4 - 4) + 3)?
-4
Evaluate -3 + 0 + 7 - (2 + 0).
2
What is -79 + 80 + (5 - 1)?
5
What is 0 + -4 + 9 - 2?
3
Calculate (-4 - -8) + 9 - 9.
4
Calculate 1 + (1 - (-4 + 4)) + -4.
-2
What is 9 - (-7 + 3 + 7)?
6
What is the value of -2 - -2 - (6 + -21 + 10)?
5
-9 - -1 - ((7 - 4) + -7)
-4
What is the value of 3 + (-1 - -3) + -2 - 5?
-2
Evaluate -1 - -4 - (-2 + 0 + 3).
2
What is 9 - 3 - (-3 - -4)?
5
What is 2 + -7 + (3 - -6) + -3?
1
What is the value of -17 - -22 - (2 + -2)?
5
What is the value of 8 - (-2 + 1 - -6)?
3
(1 + 1 + 0 - -3) + -4
1
-2 + -2 + 3 + 3 + 2
4
Calculate (-1 - -6) + (5 - 6).
4
Evaluate (3 + -10 - 0) + 5 + 6.
4
Evaluate (1 - -1) + 2 - 3.
1
Evaluate 3 - 2 - (8 - 10).
3
What is 1 - -1 - 2 - 8?
-8
Evaluate 1 + -3 + (2 - 5).
-5
0 + (3 - 0) + 0
3
Calculate -5 + 2 - (-3 + -3) - -1.
4
Calculate (0 - 2) + 4 + -3 + 4.
3
-1 + 6 + (2 - (15 - 2))
-6
Evaluate -6 + (6 - 2) + 0.
-2
Evaluate 2 - -2 - 5 - -5.
4
Evaluate -4 + 3 - (17 + -16).
-2
Calculate 14 + -4 + (-1 - 4) + 0.
5
What is (-1 - -2) + (5 - -1 - 1)?
6
Calculate 10 + -3 + -5 - 3.
-1
What is the value of 8 - 0 - (4 - 0)?
4
What is -7 + 4 + 2 - 2?
-3
What is the value of 10 - 4 - (12 + 4 + -3)?
-7
What is 1 - 8 - (-83 - -76)?
0
Calculate -5 + -4 + 4 + 2 - -3.
0
0 - ((-2 - -3) + (-1 - 3))
3
What is the value of 4 + 6 + -5 - (1 + 8)?
-4
Calculate 2 + (3 - (-2 + 4 + -2)).
5
Evaluate -5 - (-6 + -2 - (-18 + 16)).
1
Evaluate 1 - -1 - (34 - 31).
-1
Evaluate -19 - -8 - (-4 - (4 - 3)).
-6
Calculate -2 + -4 + 2 + -1.
-5
What is the value of (3 + -2 - (-5 + -1)) + -3?
4
(10 - 1) + (-6 - -2)
5
0 + 0 + 2 - (2 + 0)
0
What is the value of -2 + -3 + 3 - (-4 + 6)?
-4
0 - (4 + 4 + -3)
-5
What is the value of 4 + (7 - 15) + 4 + -6?
-6
Evaluate (-6 - -6) + -3 + -7 + 6.
-4
Calculate 0 + -4 + (4 - -5).
5
(-3 - -20) + -11 - 4
2
What is (10 - 5) + -9 + 9?
5
Evaluate (25 - 8) + (-4 - 6).
7
What is -5 + (3 - -1) - (1 - 1)?
-1
(-3 - (2 + -5)) + 0 - -2
2
What is 4 + 8 + (-3 - (-2 - -5))?
6
Evaluate (0 - 1) + (-9 - (-1 - 3)).
-6
What is the value of (1 - -3) + (-74 - -67)?
-3
What is the value of -4 + ((-4 - 1) + -1 - -4)?
-6
Calculate -7 + 6 + 1 + -3.
-3
What is the value of (1 - -4 - 2) + -4?
-1
What is (-2 - -1) + -3 + 3 + 3?
2
Calculate -5 - (3 - (2 - -4)) - 0.
-2
What is 227 - 221 - (3 - -1)?
2
What is the value of 1 + -5 + 2 + 1?
-1
What is -4 + -2 - (1 - 6)?
-1
What is the value of -5 - -13 - 1 - 7?
0
What is the value of -1 + (-4 - (2 - 13))?
6
What is the value of 1 - 2 - (7 + -7)?
-1
Evaluate 7 + -10 + -2 + 3 + 2.
0
What is 6 + -14 + (3 - -1) - -4?
0
What is (-9 - (-7 + 6 - 4)) + 1?
-3
Calculate 3 + (1 - 2 - (-1 - 2)).
5
What is 11 + (-16 - 1) + -2 + -2?
-10
What is (-2 + 2 + -3 - 0) + 3?
0
What is the value of 1 + (1 - (12 - 5))?
-5
What is the value of (4 + 2 - (14 + -7)) + 5?
4
-3 + 1 - (2 - 1) - -2
-1
Evaluate 11 - (-7 - -10 - 0).
8
What is the value of -4 + (14 + -6 - 10)?
-6
What is the value of -3 - (0 + -6 + 3 + 0)?
0
Calculate 5 - (1 - (-4 - -6)).
6
1 + 3 + -2 + 0
2
Calculate -7 + 5 + 3 + (-2 - -5).
4
What is -13 + 17 - (-1 - (-1 - 0))?
4
-2 - -2 - ((0 - -4) + 1)
-5
(-1 + 1 - -1) + 2 + -8
-5
What is the value of (-1 - (-8 + 8)) + 3?
2
Evaluate 2 + -11 + 7 + 3.
1
Calculate 5 + -2 - (-20 - -17).
6
What is the value of 0 + 3 + -13 - -5?
-5
What is the value of (-2 - 6) + 9 - -6?
7
Calculate -4 - (-2 - (4 - (1 - -4))).
-3
What is the value of 9 + (-1 + 4 - (-2 - -11))?
3
Evaluate 7 + -1 + -12 + 12 + -5.
1
What is the value of -5 - (6 - 6) - 4?
-9
What is -5 - -3 - (-2 + 3)?
-3
What is (2 + 2 + 4 - 1) + 1?
8
4 + (6 + -15 - -3)
-2
What is the value of -2 + -7 + 4 + 6 + -7?
-6
Calculate 3 - ((0 - -7) + 0).
-4
What is the value of 10 + -7 + -2 + 2?
3
Calculate -2 - ((-5 - 2) + 6).
-1
-8 - -7 - (-4 - -11)
-8
Evaluate 15 + -7 + 1 + -19.
-10
Calculate (-5 - 0) + 7 + -3.
-1
Evaluate 1 + -2 - (-3 - (6 + -6)).
2
6 + (-2 - -3) + -4 + -4
-1
What is 7 + (-14 - -4) - 3 - -12?
6
Calculate (-115 - -109) + (6 - 1) + 1.
0
Evaluate 10 + -30 + 14 + -3.
-9
What is -6 + 2 + 3 + -4?
-5
Calculate 12 - -7 - (0 - -12).
7
Evaluate 5 + (-6 + 3 - -1).
3
Evaluate -4 - (4 + -9 - (-2 - -4)).
3
Evaluate 0 - ((-5 + 5 - 5) + 8).
-3
Evaluate 0 + 2 - 4 - (1 - -1).
-4
(4 - 5) + -1 + (3 - 0)
1
Evaluate 3 + (-5 - ((0 - -1) + -3)).
0
What is (-2 - (1 + 3)) + -2 + 5?
-3
What is the value of -7 - 0 - (-13 - 0)?
6
0 - (1 + -1 + (-5 - -4))
1
What is -2 + (-4 - -5) + 4 + -1?
2
What is the value of 9 + (-5 - -8 - 17)?
-5
Calculate 12 - 9 - ((3 - 7) + 2).
5
Calculate 2 - -13 - (8 + 2 - 3).
8
E